{"id":3549,"date":"2026-01-27T14:36:49","date_gmt":"2026-01-27T14:36:49","guid":{"rendered":"https:\/\/laestaciononline.com.ar\/?page_id=3549"},"modified":"2026-02-26T18:36:33","modified_gmt":"2026-02-26T18:36:33","slug":"cultura-y-espectaculos","status":"publish","type":"page","link":"https:\/\/laestaciononline.com.ar\/?page_id=3549","title":{"rendered":"Cultura y Espect\u00e1culos"},"content":{"rendered":"\n<figure class=\"wp-block-embed is-type-wp-embed is-provider-embed wp-block-embed-embed\"><div class=\"wp-block-embed__wrapper\">\n<blockquote class=\"wp-embedded-content\" data-secret=\"x5wihRA5y3\"><a href=\"https:\/\/laestaciononline.com.ar\/?p=3857\">Con la proyecci\u00f3n de la pel\u00edcula &#8220;Puan&#8221;, llega una nueva edici\u00f3n de Cine de Veranos a Brown<\/a><\/blockquote><iframe loading=\"lazy\" class=\"wp-embedded-content\" sandbox=\"allow-scripts\" security=\"restricted\" style=\"position: absolute; visibility: hidden;\" title=\"&#8220;Con la proyecci\u00f3n de la pel\u00edcula &#8220;Puan&#8221;, llega una nueva edici\u00f3n de Cine de Veranos a Brown&#8221; &#8212; \" src=\"https:\/\/laestaciononline.com.ar\/?p=3857&#038;embed=true#?secret=A8kuK9JQC0#?secret=x5wihRA5y3\" data-secret=\"x5wihRA5y3\" width=\"600\" height=\"338\" frameborder=\"0\" marginwidth=\"0\" marginheight=\"0\" scrolling=\"no\"><\/iframe>\n<\/div><\/figure>\n\n\n\n<figure class=\"wp-block-embed is-type-wp-embed is-provider-embed wp-block-embed-embed\"><div class=\"wp-block-embed__wrapper\">\n<blockquote class=\"wp-embedded-content\" data-secret=\"uIUXGLVYNw\"><a href=\"https:\/\/laestaciononline.com.ar\/?p=3679\">Con doble funci\u00f3n, este fin de semana vuelve el &#8220;Cine de Verano&#8221; a Brown<\/a><\/blockquote><iframe loading=\"lazy\" class=\"wp-embedded-content\" sandbox=\"allow-scripts\" security=\"restricted\" style=\"position: absolute; visibility: hidden;\" title=\"&#8220;Con doble funci\u00f3n, este fin de semana vuelve el &#8220;Cine de Verano&#8221; a Brown&#8221; &#8212; \" src=\"https:\/\/laestaciononline.com.ar\/?p=3679&#038;embed=true#?secret=KRLVvyiDBF#?secret=uIUXGLVYNw\" data-secret=\"uIUXGLVYNw\" width=\"600\" height=\"338\" frameborder=\"0\" marginwidth=\"0\" marginheight=\"0\" scrolling=\"no\"><\/iframe>\n<\/div><\/figure>\n\n\n\n<figure class=\"wp-block-embed is-type-wp-embed is-provider-embed wp-block-embed-embed\"><div class=\"wp-block-embed__wrapper\">\n<blockquote class=\"wp-embedded-content\" data-secret=\"dRZB5GUgIO\"><a href=\"https:\/\/laestaciononline.com.ar\/?p=3477\">El s\u00e1bado 24 de Enero vuelve el &#8220;Cine de Verano&#8221; a Almirante Brown<\/a><\/blockquote><iframe loading=\"lazy\" class=\"wp-embedded-content\" sandbox=\"allow-scripts\" security=\"restricted\" style=\"position: absolute; visibility: hidden;\" title=\"&#8220;El s\u00e1bado 24 de Enero vuelve el &#8220;Cine de Verano&#8221; a Almirante Brown&#8221; &#8212; \" src=\"https:\/\/laestaciononline.com.ar\/?p=3477&#038;embed=true#?secret=DaLmFOBXrQ#?secret=dRZB5GUgIO\" data-secret=\"dRZB5GUgIO\" width=\"600\" height=\"338\" frameborder=\"0\" marginwidth=\"0\" marginheight=\"0\" scrolling=\"no\"><\/iframe>\n<\/div><\/figure>\n\n\n\n<figure class=\"wp-block-embed is-type-wp-embed is-provider-embed wp-block-embed-embed\"><div class=\"wp-block-embed__wrapper\">\n<blockquote class=\"wp-embedded-content\" data-secret=\"jA6usFcPeF\"><a href=\"https:\/\/laestaciononline.com.ar\/?p=3423\">Cine de verano en Almirante Brown para compartir en Familia<\/a><\/blockquote><iframe loading=\"lazy\" class=\"wp-embedded-content\" sandbox=\"allow-scripts\" security=\"restricted\" style=\"position: absolute; visibility: hidden;\" title=\"&#8220;Cine de verano en Almirante Brown para compartir en Familia&#8221; &#8212; \" src=\"https:\/\/laestaciononline.com.ar\/?p=3423&#038;embed=true#?secret=k91zD4eRI9#?secret=jA6usFcPeF\" data-secret=\"jA6usFcPeF\" width=\"600\" height=\"338\" frameborder=\"0\" marginwidth=\"0\" marginheight=\"0\" scrolling=\"no\"><\/iframe>\n<\/div><\/figure>\n\n\n\n<figure class=\"wp-block-embed is-type-wp-embed is-provider-embed wp-block-embed-embed\"><div class=\"wp-block-embed__wrapper\">\n<blockquote class=\"wp-embedded-content\" data-secret=\"uhoIttxO9H\"><a href=\"https:\/\/laestaciononline.com.ar\/?p=3125\">Agenda de actividades culturales en la regi\u00f3n<\/a><\/blockquote><iframe loading=\"lazy\" class=\"wp-embedded-content\" sandbox=\"allow-scripts\" security=\"restricted\" style=\"position: absolute; visibility: hidden;\" title=\"&#8220;Agenda de actividades culturales en la regi\u00f3n&#8221; &#8212; \" src=\"https:\/\/laestaciononline.com.ar\/?p=3125&#038;embed=true#?secret=5XOWdtS6Nc#?secret=uhoIttxO9H\" data-secret=\"uhoIttxO9H\" width=\"600\" height=\"338\" frameborder=\"0\" marginwidth=\"0\" marginheight=\"0\" scrolling=\"no\"><\/iframe>\n<\/div><\/figure>\n","protected":false},"excerpt":{"rendered":"","protected":false},"author":1,"featured_media":0,"parent":0,"menu_order":0,"comment_status":"closed","ping_status":"closed","template":"","meta":{"footnotes":""},"class_list":["post-3549","page","type-page","status-publish","hentry"],"_links":{"self":[{"href":"https:\/\/laestaciononline.com.ar\/index.php?rest_route=\/wp\/v2\/pages\/3549","targetHints":{"allow":["GET"]}}],"collection":[{"href":"https:\/\/laestaciononline.com.ar\/index.php?rest_route=\/wp\/v2\/pages"}],"about":[{"href":"https:\/\/laestaciononline.com.ar\/index.php?rest_route=\/wp\/v2\/types\/page"}],"author":[{"embeddable":true,"href":"https:\/\/laestaciononline.com.ar\/index.php?rest_route=\/wp\/v2\/users\/1"}],"replies":[{"embeddable":true,"href":"https:\/\/laestaciononline.com.ar\/index.php?rest_route=%2Fwp%2Fv2%2Fcomments&post=3549"}],"version-history":[{"count":6,"href":"https:\/\/laestaciononline.com.ar\/index.php?rest_route=\/wp\/v2\/pages\/3549\/revisions"}],"predecessor-version":[{"id":3860,"href":"https:\/\/laestaciononline.com.ar\/index.php?rest_route=\/wp\/v2\/pages\/3549\/revisions\/3860"}],"wp:attachment":[{"href":"https:\/\/laestaciononline.com.ar\/index.php?rest_route=%2Fwp%2Fv2%2Fmedia&parent=3549"}],"curies":[{"name":"wp","href":"https:\/\/api.w.org\/{rel}","templated":true}]}}

Cultura y Espectáculos

<figure class="wp-block-embed is-type-wp-embed is-provider-embed wp-block-embed-embed"><div class="wp-block-embed__wrapper">
<blockquote class="wp-embedded-content" data-secret="x5wihRA5y3"><a href="https://laestaciononline.com.ar/?p=3857">Con la proyección de la película &#8220;Puan&#8221;, llega una nueva edición de Cine de Veranos a Brown</a></blockquote><iframe loading="lazy" class="wp-embedded-content" sandbox="allow-scripts" security="restricted" style="position: absolute; visibility: hidden;" title="&#8220;Con la proyección de la película &#8220;Puan&#8221;, llega una nueva edición de Cine de Veranos a Brown&#8221; &#8212; " src="https://laestaciononline.com.ar/?p=3857&#038;embed=true#?secret=A8kuK9JQC0#?secret=x5wihRA5y3" data-secret="x5wihRA5y3" width="600" height="338" frameborder="0" marginwidth="0" marginheight="0" scrolling="no"></iframe>
</div></figure>



<figure class="wp-block-embed is-type-wp-embed is-provider-embed wp-block-embed-embed"><div class="wp-block-embed__wrapper">
<blockquote class="wp-embedded-content" data-secret="uIUXGLVYNw"><a href="https://laestaciononline.com.ar/?p=3679">Con doble función, este fin de semana vuelve el &#8220;Cine de Verano&#8221; a Brown</a></blockquote><iframe loading="lazy" class="wp-embedded-content" sandbox="allow-scripts" security="restricted" style="position: absolute; visibility: hidden;" title="&#8220;Con doble función, este fin de semana vuelve el &#8220;Cine de Verano&#8221; a Brown&#8221; &#8212; " src="https://laestaciononline.com.ar/?p=3679&#038;embed=true#?secret=KRLVvyiDBF#?secret=uIUXGLVYNw" data-secret="uIUXGLVYNw" width="600" height="338" frameborder="0" marginwidth="0" marginheight="0" scrolling="no"></iframe>
</div></figure>



<figure class="wp-block-embed is-type-wp-embed is-provider-embed wp-block-embed-embed"><div class="wp-block-embed__wrapper">
<blockquote class="wp-embedded-content" data-secret="dRZB5GUgIO"><a href="https://laestaciononline.com.ar/?p=3477">El sábado 24 de Enero vuelve el &#8220;Cine de Verano&#8221; a Almirante Brown</a></blockquote><iframe loading="lazy" class="wp-embedded-content" sandbox="allow-scripts" security="restricted" style="position: absolute; visibility: hidden;" title="&#8220;El sábado 24 de Enero vuelve el &#8220;Cine de Verano&#8221; a Almirante Brown&#8221; &#8212; " src="https://laestaciononline.com.ar/?p=3477&#038;embed=true#?secret=DaLmFOBXrQ#?secret=dRZB5GUgIO" data-secret="dRZB5GUgIO" width="600" height="338" frameborder="0" marginwidth="0" marginheight="0" scrolling="no"></iframe>
</div></figure>



<figure class="wp-block-embed is-type-wp-embed is-provider-embed wp-block-embed-embed"><div class="wp-block-embed__wrapper">
<blockquote class="wp-embedded-content" data-secret="jA6usFcPeF"><a href="https://laestaciononline.com.ar/?p=3423">Cine de verano en Almirante Brown para compartir en Familia</a></blockquote><iframe loading="lazy" class="wp-embedded-content" sandbox="allow-scripts" security="restricted" style="position: absolute; visibility: hidden;" title="&#8220;Cine de verano en Almirante Brown para compartir en Familia&#8221; &#8212; " src="https://laestaciononline.com.ar/?p=3423&#038;embed=true#?secret=k91zD4eRI9#?secret=jA6usFcPeF" data-secret="jA6usFcPeF" width="600" height="338" frameborder="0" marginwidth="0" marginheight="0" scrolling="no"></iframe>
</div></figure>



<figure class="wp-block-embed is-type-wp-embed is-provider-embed wp-block-embed-embed"><div class="wp-block-embed__wrapper">
<blockquote class="wp-embedded-content" data-secret="uhoIttxO9H"><a href="https://laestaciononline.com.ar/?p=3125">Agenda de actividades culturales en la región</a></blockquote><iframe loading="lazy" class="wp-embedded-content" sandbox="allow-scripts" security="restricted" style="position: absolute; visibility: hidden;" title="&#8220;Agenda de actividades culturales en la región&#8221; &#8212; " src="https://laestaciononline.com.ar/?p=3125&#038;embed=true#?secret=5XOWdtS6Nc#?secret=uhoIttxO9H" data-secret="uhoIttxO9H" width="600" height="338" frameborder="0" marginwidth="0" marginheight="0" scrolling="no"></iframe>
</div></figure>
