{"id":3552,"date":"2026-01-27T14:39:22","date_gmt":"2026-01-27T14:39:22","guid":{"rendered":"https:\/\/laestaciononline.com.ar\/?page_id=3552"},"modified":"2026-02-02T15:31:35","modified_gmt":"2026-02-02T15:31:35","slug":"contacto","status":"publish","type":"page","link":"https:\/\/laestaciononline.com.ar\/?page_id=3552","title":{"rendered":"Contacto"},"content":{"rendered":"\n<p><strong>CONTACTO<\/strong><\/p>\n\n\n\n<p>Para el env\u00edo de gacetillas de prensa o consultas relacionadas con entrevistas, comun\u00edquese con nosotros a trav\u00e9s de:  <strong>laestacion07@gmail.com<\/strong>. A la brevedad nos pondremos en contacto.<\/p>\n\n\n\n<p><\/p>\n\n\n\n<p><strong>\u00bfLe interesa publicitar con nosotros?<\/strong><\/p>\n\n\n\n<p>Ofrecemos espacios de <strong>publicidad digital y contenido patrocinado<\/strong> para marcas, empresas y servicios que buscan visibilidad en un medio local de <strong>actualizaci\u00f3n diaria<\/strong>, con <strong>audiencia local adulta<\/strong> y <strong>lectores recurrentes<\/strong>.<\/p>\n\n\n\n<p>Trabajamos con propuestas simples, formatos editoriales y difusi\u00f3n en nuestras plataformas digitales.<\/p>\n\n\n\n<p><strong>Contacto  <\/strong><\/p>\n\n\n\n<p>Email. publicidad@laestaciononline.com.ar<\/p>\n\n\n\n<p>Tel. 1160197877<\/p>\n","protected":false},"excerpt":{"rendered":"<p>CONTACTO Para el env\u00edo de gacetillas de prensa o consultas relacionadas con entrevistas, comun\u00edquese con nosotros a trav\u00e9s de: laestacion07@gmail.com. A la brevedad nos pondremos en contacto. \u00bfLe interesa publicitar con nosotros? Ofrecemos espacios de publicidad digital y contenido patrocinado para marcas, empresas y servicios que buscan visibilidad en un medio local de actualizaci\u00f3n diaria, [&hellip;]<\/p>\n","protected":false},"author":1,"featured_media":0,"parent":0,"menu_order":0,"comment_status":"closed","ping_status":"closed","template":"","meta":{"footnotes":""},"class_list":["post-3552","page","type-page","status-publish","hentry"],"_links":{"self":[{"href":"https:\/\/laestaciononline.com.ar\/index.php?rest_route=\/wp\/v2\/pages\/3552","targetHints":{"allow":["GET"]}}],"collection":[{"href":"https:\/\/laestaciononline.com.ar\/index.php?rest_route=\/wp\/v2\/pages"}],"about":[{"href":"https:\/\/laestaciononline.com.ar\/index.php?rest_route=\/wp\/v2\/types\/page"}],"author":[{"embeddable":true,"href":"https:\/\/laestaciononline.com.ar\/index.php?rest_route=\/wp\/v2\/users\/1"}],"replies":[{"embeddable":true,"href":"https:\/\/laestaciononline.com.ar\/index.php?rest_route=%2Fwp%2Fv2%2Fcomments&post=3552"}],"version-history":[{"count":7,"href":"https:\/\/laestaciononline.com.ar\/index.php?rest_route=\/wp\/v2\/pages\/3552\/revisions"}],"predecessor-version":[{"id":3649,"href":"https:\/\/laestaciononline.com.ar\/index.php?rest_route=\/wp\/v2\/pages\/3552\/revisions\/3649"}],"wp:attachment":[{"href":"https:\/\/laestaciononline.com.ar\/index.php?rest_route=%2Fwp%2Fv2%2Fmedia&parent=3552"}],"curies":[{"name":"wp","href":"https:\/\/api.w.org\/{rel}","templated":true}]}}