{"id":3578,"date":"2026-01-28T11:09:23","date_gmt":"2026-01-28T11:09:23","guid":{"rendered":"https:\/\/laestaciononline.com.ar\/?page_id=3578"},"modified":"2026-04-07T13:02:47","modified_gmt":"2026-04-07T13:02:47","slug":"internacional","status":"publish","type":"page","link":"https:\/\/laestaciononline.com.ar\/?page_id=3578","title":{"rendered":"Internacional"},"content":{"rendered":"\n<figure class=\"wp-block-embed is-type-wp-embed is-provider-embed wp-block-embed-embed\"><div class=\"wp-block-embed__wrapper\">\n<blockquote class=\"wp-embedded-content\" data-secret=\"bm05emxwv9\"><a href=\"https:\/\/laestaciononline.com.ar\/?p=4138\">El diario mas importante de Espa\u00f1a advierte sobre Milei: preocupaciones por la econom\u00eda y se\u00f1ales de ca\u00edda en su popularidad<\/a><\/blockquote><iframe loading=\"lazy\" class=\"wp-embedded-content\" sandbox=\"allow-scripts\" security=\"restricted\" style=\"position: absolute; visibility: hidden;\" title=\"&#8220;El diario mas importante de Espa\u00f1a advierte sobre Milei: preocupaciones por la econom\u00eda y se\u00f1ales de ca\u00edda en su popularidad&#8221; &#8212; \" src=\"https:\/\/laestaciononline.com.ar\/?p=4138&#038;embed=true#?secret=VqFgRlhiKP#?secret=bm05emxwv9\" data-secret=\"bm05emxwv9\" width=\"600\" height=\"338\" frameborder=\"0\" marginwidth=\"0\" marginheight=\"0\" scrolling=\"no\"><\/iframe>\n<\/div><\/figure>\n\n\n\n<figure class=\"wp-block-embed is-type-wp-embed is-provider-embed wp-block-embed-embed\"><div class=\"wp-block-embed__wrapper\">\n<blockquote class=\"wp-embedded-content\" data-secret=\"OSN6pwE0y9\"><a href=\"https:\/\/laestaciononline.com.ar\/?p=3582\">Francia avanza con una ley para prohibir las redes sociales a menores de 15 a\u00f1os para proteger su bienestar digital<\/a><\/blockquote><iframe loading=\"lazy\" class=\"wp-embedded-content\" sandbox=\"allow-scripts\" security=\"restricted\" style=\"position: absolute; visibility: hidden;\" title=\"&#8220;Francia avanza con una ley para prohibir las redes sociales a menores de 15 a\u00f1os para proteger su bienestar digital&#8221; &#8212; \" src=\"https:\/\/laestaciononline.com.ar\/?p=3582&#038;embed=true#?secret=xZvGP4vf39#?secret=OSN6pwE0y9\" data-secret=\"OSN6pwE0y9\" width=\"600\" height=\"338\" frameborder=\"0\" marginwidth=\"0\" marginheight=\"0\" scrolling=\"no\"><\/iframe>\n<\/div><\/figure>\n","protected":false},"excerpt":{"rendered":"","protected":false},"author":1,"featured_media":0,"parent":0,"menu_order":0,"comment_status":"closed","ping_status":"closed","template":"","meta":{"footnotes":""},"class_list":["post-3578","page","type-page","status-publish","hentry"],"_links":{"self":[{"href":"https:\/\/laestaciononline.com.ar\/index.php?rest_route=\/wp\/v2\/pages\/3578","targetHints":{"allow":["GET"]}}],"collection":[{"href":"https:\/\/laestaciononline.com.ar\/index.php?rest_route=\/wp\/v2\/pages"}],"about":[{"href":"https:\/\/laestaciononline.com.ar\/index.php?rest_route=\/wp\/v2\/types\/page"}],"author":[{"embeddable":true,"href":"https:\/\/laestaciononline.com.ar\/index.php?rest_route=\/wp\/v2\/users\/1"}],"replies":[{"embeddable":true,"href":"https:\/\/laestaciononline.com.ar\/index.php?rest_route=%2Fwp%2Fv2%2Fcomments&post=3578"}],"version-history":[{"count":3,"href":"https:\/\/laestaciononline.com.ar\/index.php?rest_route=\/wp\/v2\/pages\/3578\/revisions"}],"predecessor-version":[{"id":4150,"href":"https:\/\/laestaciononline.com.ar\/index.php?rest_route=\/wp\/v2\/pages\/3578\/revisions\/4150"}],"wp:attachment":[{"href":"https:\/\/laestaciononline.com.ar\/index.php?rest_route=%2Fwp%2Fv2%2Fmedia&parent=3578"}],"curies":[{"name":"wp","href":"https:\/\/api.w.org\/{rel}","templated":true}]}}

<figure class="wp-block-embed is-type-wp-embed is-provider-embed wp-block-embed-embed"><div class="wp-block-embed__wrapper">
<blockquote class="wp-embedded-content" data-secret="bm05emxwv9"><a href="https://laestaciononline.com.ar/?p=4138">El diario mas importante de España advierte sobre Milei: preocupaciones por la economía y señales de caída en su popularidad</a></blockquote><iframe loading="lazy" class="wp-embedded-content" sandbox="allow-scripts" security="restricted" style="position: absolute; visibility: hidden;" title="&#8220;El diario mas importante de España advierte sobre Milei: preocupaciones por la economía y señales de caída en su popularidad&#8221; &#8212; " src="https://laestaciononline.com.ar/?p=4138&#038;embed=true#?secret=VqFgRlhiKP#?secret=bm05emxwv9" data-secret="bm05emxwv9" width="600" height="338" frameborder="0" marginwidth="0" marginheight="0" scrolling="no"></iframe>
</div></figure>



<figure class="wp-block-embed is-type-wp-embed is-provider-embed wp-block-embed-embed"><div class="wp-block-embed__wrapper">
<blockquote class="wp-embedded-content" data-secret="OSN6pwE0y9"><a href="https://laestaciononline.com.ar/?p=3582">Francia avanza con una ley para prohibir las redes sociales a menores de 15 años para proteger su bienestar digital</a></blockquote><iframe loading="lazy" class="wp-embedded-content" sandbox="allow-scripts" security="restricted" style="position: absolute; visibility: hidden;" title="&#8220;Francia avanza con una ley para prohibir las redes sociales a menores de 15 años para proteger su bienestar digital&#8221; &#8212; " src="https://laestaciononline.com.ar/?p=3582&#038;embed=true#?secret=xZvGP4vf39#?secret=OSN6pwE0y9" data-secret="OSN6pwE0y9" width="600" height="338" frameborder="0" marginwidth="0" marginheight="0" scrolling="no"></iframe>
</div></figure>
